(base 9) to base 2.
10011
What is -2 (base 10) in base 16?
-2
1011 (base 3) to base 4
133
Convert 8 (base 14) to base 3.
22
Convert 10 (base 2) to base 16.
2
-36 (base 7) to base 2
-11011
What is -10 (base 2) in base 11?
-2
Convert -2 (base 6) to base 13.
-2
-3 (base 15) to base 3
-10
What is 61 (base 9) in base 2?
110111
What is -324 (base 5) in base 15?
-5e
What is -4 (base 11) in base 3?
-11
-37 (base 14) to base 5
-144
Convert -117 (base 8) to base 6.
-211
48 (base 12) to base 2
111000
9 (base 13) to base 3
100
Convert -25 (base 11) to base 15.
-1c
Convert -1 (base 11) to base 2.
-1
What is 2 (base 7) in base 13?
2
Convert -d (base 16) to base 9.
-14
What is 4 (base 16) in base 8?
4
What is 131 (base 6) in base 16?
37
Convert -23 (base 5) to base 15.
-d
-2020 (base 3) to base 13
-48
What is 63 (base 14) in base 5?
322
-301 (base 6) to base 9
-131
Convert 2 (base 6) to base 14.
2
What is -4 (base 10) in base 7?
-4
12 (base 9) to base 12
b
Convert 27 (base 8) to base 11.
21
Convert -100 (base 3) to base 16.
-9
What is 62 (base 16) in base 6?
242
What is 6 (base 11) in base 12?
6
What is -62 (base 13) in base 16?
-50
What is -5 (base 16) in base 13?
-5
What is -1000001 (base 2) in base 9?
-72
-101 (base 8) to base 13
-50
Convert -5 (base 8) to base 16.
-5
Convert -10 (base 4) to base 14.
-4
What is 28 (base 9) in base 2?
11010
Convert -299 (base 11) to base 14.
-1b0
Convert 4 (base 6) to base 8.
4
What is -1100 (base 3) in base 5?
-121
What is 0 (base 8) in base 5?
0
What is 1 (base 4) in base 6?
1
What is -21 (base 8) in base 5?
-32
Convert 10111 (base 2) to base 12.
1b
Convert 100 (base 4) to base 9.
17
-3d (base 14) to base 4
-313
What is -8 (base 9) in base 7?
-11
Convert -3 (base 11) to base 8.
-3
What is -1 (base 9) in base 11?
-1
bb (base 12) to base 3
12022
-11 (base 7) to base 10
-8
What is -23 (base 5) in base 8?
-15
Convert -8 (base 11) to base 2.
-1000
10 (base 10) to base 6
14
9 (base 11) to base 16
9
Convert 111 (base 2) to base 13.
7
Convert 27 (base 9) to base 15.
1a
Convert -10111 (base 2) to base 4.
-113
What is 1c (base 16) in base 6?
44
What is 1 (base 5) in base 11?
1
Convert 1100 (base 2) to base 6.
20
-3 (base 10) to base 13
-3
-3 (base 4) to base 6
-3
What is -105 (base 7) in base 3?
-2000
Convert 0 (base 13) to base 10.
0
Convert 3 (base 6) to base 7.
3
What is -39 (base 12) in base 8?
-55
-3 (base 11) to base 3
-10
-325 (base 7) to base 16
-a6
Convert 50 (base 13) to base 7.
122
What is 4 (base 11) in base 3?
11
What is 30 (base 4) in base 2?
1100
What is -46 (base 15) in base 4?
-1002
Convert -8 (base 16) to base 13.
-8
Convert -3 (base 9) to base 14.
-3
Convert 126 (base 7) to base 9.
76
221 (base 7) to base 2
1110001
Convert -1 (base 12) to base 6.
-1
-3 (base 11) to base 6
-3
What is -7 (base 15) in base 16?
-7
What is d2 (base 14) in base 9?
224
What is 1 (base 11) in base 9?
1
Convert 10 (base 14) to base 2.
1110
Convert -65 (base 7) to base 3.
-1202
1130 (base 5) to base 13
c9
What is 24 (base 7) in base 5?
33
Convert -2012 (base 3) to base 10.
-59
What is 1 (base 11) in base 3?
1
Convert -12 (base 3) to base 6.
-5
Convert 1110000 (base 2) to base 14.
80
What is -24 (base 13) in base 16?
-1e
Convert 131 (base 14) to base 7.
461
-1130 (base 4) to base 2
-1011100
3 (base 16) to base 9
3
Convert -10001011 (base 2) to base 16.
-8b
What is 1 (base 14) in base 16?
1
-2 (base 8) to base 10
-2
-11 (base 9) to base 15
-a
Convert c7 (base 14) to base 2.
10101111
What is -1 (base 8) in base 6?
-1
-1 (base 6) to base 10
-1
Convert -1 (base 6) to base 2.
-1
What is -b9 (base 12) in base 9?
-166
Convert 0 (base 8) to base 12.
0
-221 (base 7) to base 14
-81
Convert -43 (base 8) to base 2.
-100011
What is 3 (base 5) in base 6?
3
-141 (base 6) to base 2
-111101
Convert -2 (base 13) to base 11.
-2
What is -1 (base 15) in base 10?
-1
Convert 2 (base 12) to base 15.
2
5 (base 6) to base 11
5
5 (base 11) to base 2
101
15 (base 6) to base 5
21
-7 (base 9) to base 4
-13
-1001 (base 2) to base 13
-9
Convert -25 (base 8) to base 15.
-16
Convert -26 (base 10) to base 9.
-28
What is 2113 (base 4) in base 15?
a1
1 (base 12) to base 2
1
2 (base 16) to base 2
10
b (base 16) to base 11
10
Convert 3 (base 5) to base 9.
3
Convert -2 (base 8) to base 4.
-2
Convert 9 (base 11) to base 16.
9
Convert -15 (base 8) to base 14.
-d
What is -2112 (base 3) in base 10?
-68
Convert -6 (base 13) to base 10.
-6
1110 (base 2) to base 13
11
Convert -1 (base 11) to base 4.
-1
-30 (base 4) to base 12
-10
10a (base 12) to base 2
10011010
-1 (base 3) to base 4
-1
-173 (base 10) to base 11
-148
Convert 29 (base 12) to base 14.
25
What is -c (base 15) in base 11?
-11
What is -1 (base 5) in base 14?
-1
-5 (base 7) to base 4
-11
-11 (base 6) to base 4
-13
9 (base 12) to base 13
9
What is 5 (base 12) in base 2?
101
Convert -1d (base 16) to base 15.
-1e
-81 (base 15) to base 10
-121
What is 110111 (base 2) in base 9?
61
10a (base 16) to base 3
100212
Convert 9 (base 15) to base 12.
9
What is 12 (base 13) in base 10?
15
What is -19 (base 11) in base 12?
-18
Convert -3 (base 4) to base 13.
-3
1 (base 12) to base 8
1
212 (base 4) to base 6
102
-11 (base 4) to base 7
-5
What is -2 (base 11) in base 10?
-2
Convert 73 (base 14) to base 9.
122
Convert 11 (base 4) to base 9.
5
What is 7 (base 10) in base 13?
7
What is 32 (base 5) in base 6?
25
What is 424 (base 5) in base 7?
222
What is -24 (base 9) in base 5?
-42
What is 1a6 (base 15) in base 7?
1053
-a (base 12) to base 11
-a
What is -8 (base 10) in base 3?
-22
What is -2 (base 12) in base 4?
-2
What is 4 (base 7) in base 16?
4
What is -213 (base 10) in base 15?
-e3
What is -94 (base 14) in base 9?
-154
0 (base 2) to base 13
0
1a (base 15) to base 5
100
Convert -43 (base 8) to base 9.
-38
-1b (base 15) to base 4
-122
1 (base 9) to base 15
1
What is -21 (base 7) in base 8?
-17
What is 3 (base 8) in base 16?
3
What is 11 (base 2) in base 3?
10
15 (base 15) to base 12
18
Convert 35 (base 6) to base 8.
27
What is 0 (base 3) in base 5?
0
-10000 (base 2) to base 15
-11
Convert -53 (base 8) to base 14.
-31
6c (base 13) to base 11
82
5 (base 14) to base 7
5
15 (base 7) to base 8
14
What is 21 (base 8) in base 11?
16
Convert 9 (base 15) to base 7.
12
205 (base 10) to base 9
247
What is 161 (base 9) in base 5?
1021
What is -6 (base 15) in base 3?
-20
Convert -51 (base 8) to base 2.
-101001
Convert -151 (base 7) to base 4.
-1111
What is -15e (base 15) in base 16?
-13a
-21 (base 4) to base 7
-12
29 (base 10) to base 2
11101
Convert 14 (base 12) to base 14.
12
Convert -332 (base 5) to base 6.
-232
-4 (base 6) to base 3
-11
4 (base 9) to base 15
4
What is -12 (base 14) in base 3?
-121
24 (base 6) to base 15
11
-34 (base 7) to base 16
-19
77 (base 11) to base 14
60
62 (base 9) to base 12
48
What is 122 (base 3) in base 16?
11
What is 400 (base 6) in base 5?
1034
Convert -6a (base 11) to base 10.
-76
What is -45 (base 7) in base 5?
-113
What is -22 (base 12) in base 15?
-1b
-35 (base 9) to base 3
-1012
21 (base 4) to base 15
9
What is 11 (base 11) in base 9?
13
What is 10 (base 10) in base 13?
a
What is -e (base 15) in base 5?
-24
Convert 2 (base 6) to base 2.
10
141 (base 9) to base 3
11101
What is -12 (base 6) in base 16?
-8
Convert 0 (base 3) to base 7.
0
What is -17 (base 8) in base 5?
-30
Convert d (base 14) to base 16.
d
Convert -213 (base 4) to base 10.
-39
-1 (base 3) to base 12
-1
-10 (base 8) to base 7
-11
-5 (base 16) to base 5
-10
Convert -12 (base 7) to base 5.
-14
What is -3 (base 13) in base 15?
-3
Convert -5 (base 7) to base 6.
-5
Convert -1 (base 7) to base 4.
-1
What is 2 (base 10) in base 2?
10
What is -16 (base 12) in base 7?
-24
Convert -240 (base 6) to base 2.
-1100000
Convert 5 (base 10) to base 5.
10
What is 13 (base 7) in base 11?
a
What is 10 (base 7) in base 12?
7
22 (base 11) to base 9
26
Convert 30 (base 9) to base 14.
1d
Convert -1145 (base 6) to base 3.
-101102
5 (base 6) to base 11
5
What is 441 (base 6) in base 7?
331
Convert 77 (base 9) to base 2.
1000110
What is a7 (base 15) in base 4?
2131
What is -44 (base 15) in base 12?
-54
-4 (base 10) to base 14
-4
-8 (base 12) to base 8
-10
What is 10 (base 8) in base 16?
8
Convert 0 (base 10) to base 9.
0
Convert 2 (base 14) to base 12.
2
-1020 (base 4) to ba